 = t**2 - 5*t. Give u(8).
24
Let o(v) = 4*v + 108. Determine o(-24).
12
Let s(f) = -11*f**2 + 2*f - 2. Give s(1).
-11
Let s(u) = 4*u**2 - 3*u + 1. Give s(-2).
23
Let n(x) = 4*x**3 - 2*x**2 + 3*x - 2. Determine n(2).
28
Let v(f) = f**3 + 8*f**2 + 14*f - 7. What is v(-5)?
-2
Let j(z) = -2*z**2 - 18*z - 69. Calculate j(-5).
-29
Let x(w) = -3*w**2 + 160*w - 62. Calculate x(53).
-9
Let h(v) = v**2 + 4. What is h(-3)?
13
Let n(b) = -b**3 + 19*b**2 + 20*b - 10. Calculate n(20).
-10
Let z(j) = 10*j**3 - j**2 - 3*j - 2. Calculate z(2).
68
Let c(v) = 2*v**2 - 2*v - 4. What is c(3)?
8
Let t(u) = u - 3. Calculate t(0).
-3
Let o(a) = -13*a**2 - 1. Calculate o(-1).
-14
Let n(f) = -2*f**2 - 7*f + 6. Determine n(1).
-3
Let z(n) = 2*n**2 + n + 8. Calculate z(5).
63
Let t(u) = 4*u + 20. What is t(-8)?
-12
Let h(y) = -y**2 + 13*y - 33. Determine h(7).
9
Let w(d) = -d**3 + 5*d**2 - 5*d + 5. Give w(4).
1
Let a(s) = 8*s - 27. Calculate a(3).
-3
Let p(v) = 14*v - 2. Give p(-1).
-16
Let r(u) = u**2 - 11*u - 7. What is r(15)?
53
Let y(x) = -9*x**2 + 5*x + 3. What is y(2)?
-23
Let l(b) = 73*b + 19. Calculate l(-2).
-127
Let l(t) = 24*t - 73. What is l(2)?
-25
Let b(i) = i**3 - 11*i**2 + 7. Determine b(11).
7
Let k(l) = 8*l + 12. Determine k(4).
44
Let q(n) = -n**3 + 5*n**2 + 2*n + 2. Give q(6).
-22
Let p(t) = t - 23. Give p(26).
3
Let k(p) = -p**3 - 10*p**2 + 21*p - 38. Determine k(-12).
-2
Let m(a) = a**2 - 65*a - 433. What is m(-6)?
-7
Let l(r) = 2*r**2 - 6*r + 2. Calculate l(4).
10
Let p(r) = -r**3 + 5*r**2 + 6*r - 4. Calculate p(6).
-4
Let b(v) = -v**3 - 9*v**2 + 8*v + 12. Calculate b(-9).
-60
Let f(b) = b**3 - 18*b**2 - b + 11. Give f(18).
-7
Let w(z) = 228*z - 217. Give w(1).
11
Let t(s) = 3*s - 1. Calculate t(-2).
-7
Let g(x) = 2*x - 2. Calculate g(0).
-2
Let d(z) = 3*z + 6. Calculate d(-10).
-24
Let g(m) = -6*m - 4. Determine g(-1).
2
Let i(u) = -2*u - 22. Determine i(-9).
-4
Let t(a) = -a**3 - 11*a**2 - 3*a - 2. Determine t(-11).
31
Let z(k) = k**2 + 39*k + 336. Calculate z(-14).
-14
Let q(z) = -2*z - 2. Calculate q(-10).
18
Let l(s) = s**2 - 6*s - 10. Give l(7).
-3
Let v(d) = d**3 + d**2 + 9*d + 14. Calculate v(-3).
-31
Let g(l) = 2*l**3 + 53*l**2 + 28*l + 58. Calculate g(-26).
6
Let v(y) = -16*y**3 - y**2 - 2*y - 1. Calculate v(-1).
16
Let x(j) = 4*j**2 + 11*j + 7. Calculate x(-4).
27
Let o(h) = -16*h - 159. What is o(-10)?
1
Let v(h) = h**3 + 2*h + 32. Determine v(0).
32
Let z(l) = -l**3 - 6*l**2. Calculate z(-6).
0
Let n(y) = -y**2 - 11*y + 11. Determine n(-8).
35
Let z(d) = -d**3 + 13*d**2 + 26*d + 13. Calculate z(15).
-47
Let c(g) = 3*g**2 - 59*g + 40. Give c(19).
2
Let g(a) = 29*a - 350. What is g(12)?
-2
Let k(s) = -s**3 - 3*s**2 + 8*s - 2. Calculate k(4).
-82
Let b(m) = 3*m**3 - 9*m - 6. Determine b(-3).
-60
Let s(m) = m**2 + 16*m + 72. Give s(-9).
9
Let v(s) = -2*s**3 + 18*s**2 - 19*s + 15. Calculate v(8).
-9
Let l(s) = -2*s**3 - 11*s**2 + 12*s - 2. Determine l(-6).
-38
Let m(a) = 4*a + 31. What is m(-7)?
3
Let k(g) = g**2 + 8*g - 5. Calculate k(-11).
28
Let o(u) = u**3 - 5*u**2 + 2*u - 1. What is o(2)?
-9
Let w(x) = 9*x - 3. Give w(4).
33
Let d(o) = 6*o - 14. Calculate d(10).
46
Let a(k) = k**3 - 6*k**2 + 6*k - 6. Give a(5).
-1
Let f(x) = -x**3 + 4*x**2 + 6*x + 17. What is f(6)?
-19
Let q(w) = -w**2 + 5*w - 7. What is q(4)?
-3
Let s(a) = a**2 + 15*a + 56. Determine s(-6).
2
Let g(j) = -j**3 + 8*j**2 + j + 4. What is g(8)?
12
Let l(k) = -k**2 + 2*k - 9. Calculate l(0).
-9
Let w(q) = -3*q**3 - 3*q**2 + 3. Determine w(-3).
57
Let u(y) = -y**2 - 10*y + 26. Determine u(-9).
35
Let c(k) = k**3 - 6*k**2 + 3*k + 13. Determine c(-4).
-159
Let q(f) = -4*f + 29. Give q(6).
5
Let g(s) = s**3 + s**2 - 1. What is g(-1)?
-1
Let h(k) = 2*k**3 + 34*k**2 + k + 20. Give h(-17).
3
Let z(j) = -3*j - 1. Determine z(-1).
2
Let i(k) = -3*k**2 - 74*k + 73. What is i(1)?
-4
Let x(d) = -12*d**3 - 8*d**2 - 4*d + 2. Give x(-1).
10
Let p(f) = 11*f**2 - 3*f - 8. What is p(3)?
82
Let h(d) = -17*d**2 + 1. Give h(-1).
-16
Let o(g) = g**2 - 10*g - 12. What is o(10)?
-12
Let a(v) = v**2 + 5*v + 24. Calculate a(-10).
74
Let v(t) = -6*t**2 - 6. Calculate v(3).
-60
Let k(t) = 11*t**3 - 3*t**2 + 6*t - 6. What is k(2)?
82
Let m(p) = -10*p - 2. What is m(2)?
-22
Let y(x) = 31*x - 218. What is y(7)?
-1
Let q(p) = 2*p - 2. Calculate q(0).
-2
Let v(r) = -39*r - 209. Give v(-5).
-14
Let r(h) = -h**3 - h + 5. Give r(0).
5
Let b(j) = -j**3 - 17*j**2 - 3*j - 69. Give b(-17).
-18
Let l(a) = -5*a**2 - 2*a - 64. Give l(0).
-64
Let n(u) = -u**2 - 11*u - 1. Calculate n(-5).
29
Let x(b) = b**3 - 6*b**2 + 1. Calculate x(6).
1
Let i(h) = h**2 + 11*h + 10. Calculate i(-9).
-8
Let p(u) = 10*u + 9. Give p(8).
89
Let d(y) = y**3 - 60*y**2 - 62*y + 59. Determine d(61).
-2
Let k(a) = -296*a - 2. What is k(0)?
-2
Let z(q) = -q**2 + 14*q - 28. What is z(13)?
-15
Let s(c) = -c**3 - 7*c**2 - c + 13. Give s(-7).
20
Let t(h) = 2*h**3 + 34*h**2 + h + 10. Determine t(-17).
-7
Let q(d) = 8*d - 42. Determine q(7).
14
Let g(c) = -2*c**2 - 6*c - 10. Calculate g(-6).
-46
Let b(z) = z**2 + 19*z + 37. Calculate b(-6).
-41
Let y(x) = -2*x**3 - x**2 + x - 1. What is y(1)?
-3
Let i(c) = -2*c**2 - 24*c - 85. Determine i(-3).
-31
Let q(s) = -15*s**3 - 1. Determine q(-1).
14
Let d(z) = 5*z + 32. What is d(-5)?
7
Let h(c) = -3*c + 94. Determine h(27).
13
Let k(n) = 5*n - 5. Give k(5).
20
Let f(w) = -7*w**2. Calculate f(-1).
-7
Let i(h) = 28*h + 142. Give i(-5).
2
Let s(j) = j**3 + 10*j**2 + 14*j - 12. What is s(-8)?
4
Let s(z) = 2*z**2 + 7*z + 12. Determine s(-5).
27
Let a(y) = -4*y + 10. Calculate a(-7).
38
Let x(b) = -b**2 - 7*b + 7. Calculate x(-8).
-1
Let u(p) = p - 24. Give u(-6).
-30
Let z(p) = p**3 - 4*p**2 - 2*p - 5. Calculate z(5).
10
Let b(t) = -t**3 - 3*t**2 + 2*t - 1. Give b(3).
-49
Let u(b) = b**3 + 4*b**2 - 7*b - 24. Determine u(-4).
4
Let j(b) = -2*b**3 - 3*b**2 - 4*b - 3. Determine j(-2).
9
Let p(h) = 5*h**3 - 2*h**2 - h. What is p(-1)?
-6
Let g(j) = 3*j**2 - 6*j - 5. What is g(3)?
4
Let b(l) = -l**2 - 13*l - 12. What is b(-6)?
30
Let m(s) = s**3 - 2*s**2 + 3. What is m(5)?
78
Let w(l) = 24*l - 2. Calculate w(-2).
-50
Let j(s) = -s**3 + 5*s**2 + 4*s - 10. What is j(5)?
10
Let q(g) = -g**3 - 9*g**2 - 10*g + 1. Give q(-7).
-27
Let a(r) = r**3 - 7*r**2 + 12*r + 2. What is a(3)?
2
Let o(r) = -r**3 - 12*r**2 + r + 7. What is o(-12)?
-5
Let v(r) = 42*r - 65. Give v(5).
145
Let n(a) = -a**3 - 6*a**2 + 1. What is n(-6)?
1
Let j(n) = 4*n**2 - n + 2. Calculate j(1).
5
Let j(o) = 4*o**2 + o - 1. Calculate j(-2).
13
Let i(l) = l**2 - 14*l - 51. Determine i(18).
21
Let s(i) = -i**3 - 31*i**2 - 63*i - 146. Calculate s(-29).
-1
Let o(g) = g**3 + 18*g**2 - 39*g + 8. Determine o(-20).
-12
Let a(o) = -o**2 - 18*o - 81. Give a(-10).
-1
Let z(q) = -q**2 - 6*q - 8. Give z(-3).
1
Let l(a) = -52*a**3 + 2*a**2 - a. Give l(1).
-51
Let t(k) = 9*k**3 - 1. Give t(1).
8
Let l(m) = 2*m**2 - 4*m - 5. Determine l(5).
25
Let s(k) = -k**3 + 17*k**2 + k - 23. Calculate s(17).
-6
Let s(z) = 13*z + 139. What is s(-11)?
-4
Let j(g) = -g**2 + 7*g + 41. What is j(10)?
11
Let f(b) = b**2 + 22*b + 46. Give f(-20).
6
Let p(u) = -46*u. Determine p(1).
-46
Let n(v) = -v**3 + v**2 + 5*v - 8. Determine n(3).
-11
Let p(m) = -m**2 + 15*m - 10. Calculate p(6).
44
Let c(n) = 14*n**2 + 27*n + 6. What is c(-4)?
122
Let b(l) = -5*l**3 + l**2 + 2. What is b(2)?
-34
Let m(x) = -x**3 + 4*x**2 + 24*x - 14. Calculate m(7).
7
Let d(w) = w**3 + 4*w**2 - 5*w - 19. Calculate d(-3).
5
Let x(y) = -y**3 - 6*y**2 + 9*y + 19. Determine x(-7).
5
Let z(m) = m**2 + 19*m + 36. Determine z(-18).
18
Let m(s) = s**3 - 19*s**2 - 62*s - 54. Give m(22).
34
Let t(f) = -2*f**2 + 7*f - 11. Determine t(2).
-5
Let b(a) = -a**3 + 5*a**2 + 7. What is b(5)?
7
Let n(w) = 5*w + 1. Determine n(1).
6
Let n(r) = -r**3 - 2*r**2 + 5*r + 16. Calculate n(-2).
6
Let y(x) = -3*x**2 + 100*x + 59. Calculate y(34).
-9
Let r(y) = -y**2 + 13*y - 2. Determine r(11).
20
Let o(t) = t**3 - 8*t**2 + 10*t + 21. Give o(5).
-4
Let c(o) = 21*o**2 + 293*o - 20. What is c(-14)?
-6
Let o(s) = s**2 + 13*s + 12. Calculate o(-14).
26
Let z(j) = -j + 4. Determine z(1).
3
Let s(n) = -4*n + 10. Give s(1).
6
Let d(f) = f**2 + 14*f - 11. Determine d(-15).
4
Let d(i) = i**3 - 6*i**2 + 2*i - 3. What is d(5)?
-18
Let t(q) = q**2 + 8*q